it of w?
7
Suppose 7 = -3*s + 16. What is the tens digit of 1 + -1 + s + 252?
5
Let t(r) = 10 - r**3 + 3*r**2 + r**2 + 15*r**2 + 0*r**3. Let p be t(19). Let y(b) = b**3 - 10*b**2 + 7*b - 15. What is the tens digit of y(p)?
5
Let q = 175 + -45. Let h = q + 32. What is the hundreds digit of h?
1
Let q(c) = -2*c - 7. Let r be q(2). Let t(f) = -16*f + 22. What is the units digit of t(r)?
8
What is the units digit of (-10)/125 + (-1408589)/(-175) + -10?
9
Let p = 333 + 9391. What is the thousands digit of p?
9
Let b = -28802 + 40603. What is the hundreds digit of b?
8
Let u(f) be the first derivative of -7*f**2 - 8*f + 14. Let k be u(0). What is the tens digit of 6/k - (-3 + (-1869)/28)?
6
Let y be (-8)/24 + (-6760)/(-3). Suppose 6*d = -603 + y. What is the hundreds digit of d?
2
Let i(p) = -p**3 + 6*p**2 - 2*p - 3. Let n be i(6). Suppose -7 = -o + 52. Let h = o + n. What is the tens digit of h?
4
Let s = 13 - 10. Suppose 159 = 2*r + l - 294, -4*r - 3*l + 905 = 0. Suppose -4*n + a + 178 = 0, -2*n - a + r = s*n. What is the units digit of n?
5
What is the units digit of 633 - -2 - (3 + 3)?
9
Let c be (1 - 0) + 546/(-2). Suppose -4*d = -2*r - 268, -13*d = -5*r - 15*d - 622. Let h = r - c. What is the hundreds digit of h?
1
Suppose -49*i + 7*i + 126 = 0. Suppose 0 = -3*d + p + 817, i*d + 3*p = -0*p + 837. What is the tens digit of d?
7
Let w = 337 - -129. Let m = w - 296. What is the hundreds digit of m?
1
Suppose 0 = 2*f + 4*z - 1822, -3*f - 3*z + 193 = -2546. What is the hundreds digit of f?
9
Suppose 4 = j - 2*h, 0*j - 5*h - 9 = -2*j. Suppose 2*b + 4 = -3*v + 6*v, -j*v + 2*b = -6. What is the units digit of (-3 + (2 - v))*91?
1
Suppose 2*r = 4, 0 = -5*x - r + 4 + 23. Suppose -2*w + 7*w + 330 = p, 5*p + x*w - 1590 = 0. What is the units digit of p?
0
Suppose 0*a - 3*k = -2*a + 929, -2*k = -a + 462. Suppose 0 = 2*o - a - 190. Suppose 3*g - 248 - o = 0. What is the tens digit of g?
9
Let i(o) = -2*o**3 - 36*o**2 + 56*o + 460. What is the hundreds digit of i(-32)?
3
Let x(v) = 147*v**2 - 23*v + 32. What is the tens digit of x(-6)?
6
Suppose 2*r + 3*w = -11, 0 = 4*r + w - 3 - 0. Let i(g) = 365*g - 47. What is the hundreds digit of i(r)?
6
Let x(f) = 2806*f**2 + 68*f + 268. What is the ten thousands digit of x(-5)?
7
Let a be -6 - 424/(-36) - 6/(-27). Let g(l) = 5*l**2 - 13*l + 32. What is the tens digit of g(a)?
3
What is the tens digit of (((-1)/(-4))/(91/1001))/(1/4572)?
7
Let r = 71334 + -12649. What is the hundreds digit of r?
6
Let g(m) = -m - 23. Let f be g(-25). Suppose f*w - t = 196, -2*w - 5*t - 1 + 173 = 0. Suppose w*c = 100*c - 1148. What is the tens digit of c?
8
Let y = -118 - -222. Suppose -3*p - 53 = -i, -2*i - 2*p + y = i. Suppose -2*d + 208 = 2*q, -d + 68 = 2*q - i. What is the units digit of d?
2
Suppose -5*m = -2*u - 1847, 2*u - 1143 = -5*m + 720. Suppose 4*i = f - m, 5*f = 4*i - 8*i + 1759. What is the tens digit of f?
5
Let u(n) = 20*n - 20. Suppose 2*l = -p + 3 + 20, -5*p = -2*l + 29. Let g be u(l). Suppose g = -d + 5*d. What is the units digit of d?
5
Let n(r) = 2*r**2 - 15*r + 151. What is the tens digit of n(-46)?
7
Let r be 1/(-3)*(-29 - 7). Suppose 0 = 5*q - 28 - r. Suppose -q*x = -x - 497. What is the units digit of x?
1
Let y(n) = n**2 + 15*n + 12. Let g be y(-14). Let w(f) = -715*f + 12. What is the units digit of w(g)?
2
Let o(i) = -16*i + 40. Let b be o(-7). Let h = 109 + b. What is the tens digit of h?
6
Let t be (-15)/(-6) + (-1)/2. Suppose 0 = 3*i + 3*a + 6, 0*i + t*i - 2 = a. Suppose -12*q - q + 312 = i. What is the units digit of q?
4
Suppose -3*o + 5 = -1. Let p be o - (2/1 - 351). Suppose -3*y - 6*y = -p. What is the units digit of y?
9
What is the units digit of ((-2)/(-5))/(28*6/22713180)?
9
Let t(w) = -22*w - 50. Let u be t(-21). Suppose u = 2*s + 5*r, s = 4*r + 57 + 123. What is the tens digit of s?
9
Let h be (16/4 - (-14133)/14)*2. Let g = h - 1204. What is the tens digit of g?
2
Let j(u) = u**3 - 6*u**2 - u + 6. Let w be j(6). Suppose 0*d - d = -3*a + 10, -d - 1 = w. Suppose 0 = -a*m + 58 + 50. What is the units digit of m?
6
Let b(f) = -f**3 - 5*f**2 + 8*f + 10. Let h be b(-11). What is the tens digit of (-21)/(-7) + 1 + h?
5
Let f be 8/((-32)/596) - 1. What is the units digit of f/(-162) - 12/(-162)?
1
Suppose 144*w - 45*w - 106425 = 0. What is the hundreds digit of w?
0
Let v be (2/4 - 0)/(14/140). What is the hundreds digit of v + 602*((-44)/(-8) - 5)?
3
Let p(r) = -r**2 + 15*r - 24. Let w be p(13). Suppose w*d = 9*d - 154. Let b = 165 - d. What is the tens digit of b?
4
Suppose -3*i - 5*l = 84, i + 3*l = -l - 21. Let j = 38 + i. Suppose 2*f - j*g - 72 = f, -4*g = f - 108. What is the units digit of f?
2
Let u(x) = 349*x + 57893. What is the hundreds digit of u(0)?
8
Let o(w) be the second derivative of -29*w**3/3 - 31*w**2 + 80*w. What is the hundreds digit of o(-9)?
4
Suppose -40*d - 35*d + 56100 = 0. What is the units digit of d?
8
What is the tens digit of (4*(-846)/(-48) - 1)/(4/24)?
1
Let d = 49 + -76. Let x be (-4)/(-6) + (-36)/d. Suppose x*l - 23 - 23 = 0. What is the tens digit of l?
2
Suppose 3276 = -8*s + 15*s. Suppose -x + s = 4*o, 0 = 2*x - 3*x - 3*o + 466. What is the units digit of x?
0
Suppose 6*n + 1325 = -1285. Let a = -226 - n. What is the units digit of a?
9
Let d be (-3776)/(-18) - (80/(-36) + 2). Let s = 373 - d. What is the hundreds digit of s?
1
Let k(q) = 9*q + 30. Let t be k(-6). Let f = t + 29. Suppose 110 = -f*l + 415. What is the tens digit of l?
6
Let u(v) = v + 15. Let j be u(-7). Let h be (8 - j) + 6/(-2). What is the units digit of (-293)/(-7) + h/(-21)?
2
Let w = 37506 + -13805. What is the hundreds digit of w?
7
Suppose 12 = 3*t + 15. Let m be -3*6/9*(t + -1). Suppose -m*k = 16, 2*w + 2*w - 776 = -k. What is the tens digit of w?
9
Suppose 185 = -2*t + w + 587, -w = t - 195. Let v = 486 - t. What is the hundreds digit of v?
2
What is the tens digit of (-4)/(-3)*115830/45?
3
Suppose 14340 = n + 7*v - 10*v, -5*n - 4*v + 71605 = 0. What is the tens digit of n?
2
Let o(p) = p**2 - 16*p - 2. Let t be o(17). Suppose 0*j = -2*d + 2*j + 42, -4*d + 88 = -5*j. Suppose t*y + 28 = d*y. What is the units digit of y?
4
Suppose 45*q = 281 - 56. Suppose -3*p + 832 = 5*z, -4*p - q*z - 662 = -1773. What is the tens digit of p?
7
Suppose 13*u = -18*u + 465. Suppose 6936 = u*y - 3639. What is the units digit of y?
5
Let w(f) = -f**3 - 2*f - 1604*f**2 + 772*f**2 + 119 + 806*f**2. What is the hundreds digit of w(-27)?
9
Suppose 2*s - 10477 - 8340 = v, 37619 = 4*s + 3*v. What is the units digit of s?
7
What is the hundreds digit of 129684/26 + (-42)/(-273)?
9
Let p = -26 + 37. Let a = p + 0. Let u = 62 + a. What is the tens digit of u?
7
Let d(y) = 37*y**2 - 74*y + 1805. What is the thousands digit of d(30)?
2
Let b = -19740 - -31949. What is the tens digit of b?
0
Let w(s) = -9*s - 14. Let b(n) = 10*n + 13. Let v = -5 - -7. Let u(a) = v*w(a) + 3*b(a). What is the units digit of u(7)?
5
What is the hundreds digit of 2 - 52/32 - (-277617)/232?
1
Let l = -172 + 174. Let n(p) = 24*p + 24*p - 6 - 7*p. What is the units digit of n(l)?
6
What is the hundreds digit of ((-12)/(-45)*966 + -6)*15?
7
Suppose -5*y = -13*y - 32. Let f = y - -43. What is the tens digit of f?
3
Suppose a = -3*k + 9050, -4*k - 45172 = -5*a - 6*k. What is the units digit of a?
2
Let p(q) = -3*q - 19. Let x be p(-6). Let n(s) = -s - 1. Let i(f) = 14*f. Let t(u) = x*n(u) - i(u). What is the units digit of t(-9)?
8
Let b be 2/(-6) - (-20)/6. Let t(i) be the second derivative of 3*i**5/20 + i**4/4 + i**3 - 57*i + 1. What is the hundreds digit of t(b)?
1
Let j(f) = 3*f**2 - 65*f + 12. Let z be j(22). Suppose -z*u + 20394 = -16*u. What is the hundreds digit of u?
1
Suppose -11*r + 180 = -2*r. Suppose -9*o - 5269 = -r*o. What is the units digit of o?
9
Suppose 2*h - 5*z - 1817 = 2625, -5*h - 4*z + 11072 = 0. What is the tens digit of h?
1
Let y(o) be the first derivative of -o**3/3 + 23*o**2 + 30*o + 73. What is the tens digit of y(32)?
7
Let i = 15 + -5. Suppose -8*r = -13*r + i. What is the units digit of 3 + ((-4)/4)/(r/(-118))?
2
Let t be ((-5)/((-150)/(-18)))/((-2)/(-30)). What is the units digit of (0 - -4) + 221/(t/(-9))?
5
Suppose 4*p = p - 15. Suppose 121 = 4*q - 35. Let z = p + q. What is the units digit of z?
4
Suppos